mmon factor of 10 and y?
10
Let s = -13 + 28. What is the highest common factor of 5 and s?
5
Let g = 182 + -157. What is the highest common divisor of 10 and g?
5
Let n = -43 - -71. Calculate the greatest common divisor of n and 42.
14
Suppose 4*n - 238 = 210. Calculate the highest common factor of 14 and n.
14
Let s = 683 + -431. Let m be s/(-30)*10/(-4). What is the greatest common divisor of 3 and m?
3
Let q(j) = -2*j**2 - j + 20. Let z be q(0). What is the greatest common divisor of z and 8?
4
Suppose 3*l - 3 = 3. Let j = 4 - 3. What is the greatest common divisor of j and l?
1
Suppose -4*o - 2*q = -8, -5*o - 2*q - 20 = -7*q. Suppose w - 52 = -o. Calculate the greatest common factor of w and 78.
26
Let d be (-1)/(((-33)/(-300))/(-11)). Calculate the highest common factor of d and 40.
20
Suppose 0 = 3*n + 3 + 3. Let o be ((-34)/(-5) - n)*-5. Let g = o + 89. Calculate the highest common divisor of 18 and g.
9
Let q(k) = -k**2 + 5*k - 4. Let j be q(5). Let n be (-6 + 0)/(2/(-6)). Let f = n + j. Calculate the greatest common factor of f and 14.
14
Suppose -r = -11*r + 550. What is the greatest common divisor of 5 and r?
5
Let a = 42 + -7. What is the highest common divisor of 5 and a?
5
Suppose -8 = 16*l - 20*l. What is the greatest common factor of 22 and l?
2
Suppose -4*o = o - 15. Suppose -4*c - o*z = z - 32, -5*c + 32 = z. Let m be (-4)/14 + 44/7. Calculate the highest common factor of m and c.
6
Suppose 7 + 21 = 2*x. What is the greatest common factor of 2 and x?
2
Let q = 172 - 158. Calculate the highest common divisor of 294 and q.
14
Let k = -79 - -127. Let u be (1 - 7 - 0)/(-2). Suppose -2*n + 40 = 4*i, -u*n + 27 = 5*i - 29. What is the greatest common factor of k and n?
12
Suppose 0 = -3*i + 4*p + 40 + 4, p - 17 = -i. What is the highest common factor of 16 and i?
16
Suppose -2*a - 884 = -5*m, -3*a = m - 2*m + 182. Calculate the highest common factor of m and 16.
16
Let g(h) = h + 20. Let m = 13 - 23. Let j be g(m). Calculate the highest common divisor of j and 4.
2
Suppose -5*o = 4*f - 2 + 4, 0 = 2*f + 4*o + 4. Let h be ((-1)/f)/(5/(-30)). What is the highest common factor of 3 and h?
3
Let g = 250 + -172. Calculate the highest common factor of 195 and g.
39
Let q = -2 + 3. Suppose 0*z + q = z. Let u be ((0 + -1)/z)/(-1). Calculate the highest common factor of u and 5.
1
Suppose -4*j - 146 = -5*m + 2*m, 0 = 5*m - 2*j - 248. What is the highest common divisor of 10 and m?
10
Let b be (4/6)/((-2)/(-3)). Let z be ((-4)/(-6))/(b/27). Calculate the highest common divisor of 18 and z.
18
Let k(z) = -z**3 - 5*z**2 - 5*z + 2. Let h be k(-4). Let l(i) = i**3 - 4*i**2 - 9*i + 3. Let y be l(h). What is the highest common factor of y and 84?
21
Suppose -r = 3*a + 4*r - 23, 2*r = -2*a + 18. Suppose 3*n - 44 = n. Calculate the greatest common factor of n and a.
11
Let s be (-2 - -3) + -80 + 1. Let p = -56 - s. Let k be 0 + 2*55/2. What is the highest common divisor of k and p?
11
Let f(u) = -u**2 + 6*u - 4. Let k be 6/(-4)*10/(-3). Let z be f(k). What is the highest common factor of 1 and z?
1
Let k(z) be the second derivative of 0 - 1/3*z**3 + 2*z - z**2. Let s be k(-4). What is the greatest common divisor of 9 and s?
3
Let b(y) = -y**3 - 5*y**2 + 6*y + 9. Let o be b(-6). Suppose 5*z - 6 = o. Suppose 5 = -p, 180 = t + z*t - 4*p. What is the highest common factor of t and 8?
8
Suppose -104 = -2*x - 3*x - w, -4*x = -5*w - 89. Calculate the highest common divisor of x and 6.
3
Let q(k) = -k - 2. Let l be q(-2). Let o(p) = p + 2. Let u be o(l). Suppose 3*m - i = 22, 18 + u = 3*m - 2*i. Calculate the greatest common divisor of m and 40.
8
Suppose -10*h + 4*h = -54. Suppose -2*p - y = -h - 31, -2*y - 30 = -p. Calculate the highest common divisor of 33 and p.
11
Let q be (-92)/(-6)*(6 + 0). Suppose 2*v + q = 3*s, -5*s + 2*s + 93 = -3*v. What is the highest common divisor of s and 10?
10
Suppose -f - 2*d + 28 = 3*f, -2*f = -3*d - 22. Suppose -f*a = -2*a - 18. Calculate the highest common divisor of a and 3.
3
Let h = -3 - -6. Suppose 0*m = -4*b + 4*m + 56, h*m - 12 = -3*b. Suppose 0 = 3*i - 2*i - b. Calculate the highest common divisor of i and 63.
9
Let d be 0 + -2 + 0 - -7. Suppose 4*z = 2*f + 22, 3*z = d*f - 3*f + 17. Suppose v - z = 51. What is the highest common divisor of v and 8?
8
Suppose 3*p + f = 159, f = 4*p - 202 - 3. Suppose -1 - 38 = -3*l. Calculate the highest common factor of l and p.
13
Let h(z) = 7*z**2 - 4*z + 6. Let l be h(5). Calculate the greatest common divisor of 23 and l.
23
Suppose 3*o - 3*m = 2*m + 39, 2*m - 18 = -3*o. Let d = -5 + o. Suppose 0*v - h + 150 = 3*v, d*h - 200 = -4*v. What is the highest common divisor of v and 20?
10
Let j(m) = 71*m - 1. Let b be j(1). Suppose 69 = 3*o - 0*o + 5*i, 3*i - 103 = -4*o. Suppose x - o = -x. Calculate the highest common factor of x and b.
14
Let h(a) = -27*a - 3. Let k(p) = p**2 + 4*p - 7. Let n = 3 + -8. Let j be k(n). Let u be h(j). Calculate the highest common factor of 34 and u.
17
Let v = 2 - 1. Let y be 132/v + 0 + 0. Calculate the highest common factor of 12 and y.
12
Let v be (-8)/10 + 133/35. What is the greatest common divisor of v and 2?
1
Suppose -n + 4*f + 2 + 88 = 0, -5*n = 2*f - 494. Let b be n/5 + 8/20. Calculate the greatest common divisor of 8 and b.
4
Let s(o) = -o**3 + 3*o**2 + 3*o - 5. Let g be s(2). What is the greatest common factor of 35 and g?
5
Let k(j) = j**2 - 12*j + 14. Let p be k(11). Suppose -5*s - 2*i + 6 = -4*s, -p*s = -5*i - 73. What is the greatest common divisor of 24 and s?
8
Let t be -144*(-7*1/(-4) + -3). Calculate the highest common factor of t and 20.
20
Let i be -11*(-2)/6*3. Let j(c) = c**2 - 2*c + 1. Let r be j(3). Suppose 0 = r*v - 0*v - 44. Calculate the highest common factor of v and i.
11
Let b(x) = 3*x**3 + x - 1. Let z be b(1). Let t be (z/2)/(2/(-4)). Let a be (19/2)/(t/(-30)). Calculate the highest common divisor of a and 38.
19
Let b(z) be the third derivative of z**5/30 + z**4/6 + z**3/3 - 6*z**2. Let l be b(-2). What is the highest common divisor of l and 2?
2
Let h = 252 + -147. Calculate the greatest common factor of h and 21.
21
Let x = -250 + 267. Suppose -4*a + 139 = -65. What is the highest common divisor of x and a?
17
Suppose -3*m = -3*s + m + 88, 87 = 3*s - 3*m. What is the greatest common factor of s and 42?
14
Let v be (3 + 1 - 1 - 4) + 14. Calculate the greatest common divisor of 91 and v.
13
Suppose -a + 9 = -18. Let g be (-2)/6*a/(-1). Calculate the greatest common divisor of 27 and g.
9
Suppose 4 = -v, -4*x + 5*v = -0*x - 16. Let m be 0/((-2)/(-1))*x. Suppose -2*n + 33 - 5 = m. Calculate the greatest common divisor of n and 28.
14
Suppose 4*h - 8 = -3*p + 4*p, -5*p + h = -17. Suppose 3*x - 2 = -8. Let j be (-3 - 1 - x) + p. What is the highest common factor of 2 and j?
2
Let f = -46 + 146. Let o be (-669)/(-27) - 4/(-18). What is the highest common divisor of o and f?
25
Let z(w) = w + 1. Let v be z(2). Suppose -l = -3*x + v, l = x + 3*l - 8. Calculate the highest common factor of 6 and x.
2
Let s(g) = 6*g**3 - 2*g**2 - 4. Let a be s(3). Calculate the greatest common divisor of a and 28.
28
Let a be (-60)/14 + 2/7. Let j = a + 4. Suppose 0 = 3*m - j*m - 3. What is the highest common divisor of 10 and m?
1
Let m(o) = -o**2 - o + 4. Let z be m(0). Let g be 6/z*(-4)/(-3). Calculate the greatest common factor of g and 5.
1
Suppose 2*w - 19 + 141 = -3*j, -3*w - 4*j - 185 = 0. Let g = 29 - w. Calculate the highest common divisor of g and 12.
12
Suppose 3*y + 5*y = 128. Calculate the greatest common divisor of y and 64.
16
Suppose -3*s = 70 - 76. Let k = 15 + -10. Calculate the highest common factor of k and s.
1
Suppose 2*a + f + 16 = 5*a, -4*a = 3*f - 30. Suppose -r = -2*r + a. What is the highest common divisor of r and 54?
6
Suppose -84 = 5*a - a. Let s be 28/3 - (-7)/a. What is the highest common divisor of s and 6?
3
Suppose 0 = -3*g + 4*c - 5, -2 = 3*g + 4*c + 11. Let x(f) = f**2 - f - 3. Let w be x(g). What is the highest common factor of w and 1?
1
Let p be 12/1 - (-3 - (9 - 8)). What is the greatest common divisor of p and 48?
16
Let a(t) = -14*t - 14. Let g be a(-4). Calculate the highest common factor of g and 105.
21
Suppose 3*b - 42 = 2*b. Let f = b + -14. Calculate the greatest common divisor of 28 and 